{"id":31,"date":"2020-03-25T18:05:11","date_gmt":"2020-03-25T17:05:11","guid":{"rendered":"http:\/\/champenois-laurence-mtc.fr\/?page_id=31"},"modified":"2020-05-18T12:19:24","modified_gmt":"2020-05-18T10:19:24","slug":"qi-gong-et-tai-chi-chuan","status":"publish","type":"page","link":"https:\/\/champenois-laurence-mtc.fr\/index.php\/qi-gong-et-tai-chi-chuan\/","title":{"rendered":"Qi Gong &#8211; Tai Chi"},"content":{"rendered":"\n<p>Le Qi Gong (prononcer \u00ab\u00a0tchi kong\u00a0\u00bb) et le Tai Chi ou Tai Chi Chuan sont des arts martiaux et \u00e9nerg\u00e9tiques chinois qui allient :<\/p>\n\n\n\n<ul class=\"wp-block-list\"><li>des mouvements physiques : doux, ronds et fluides dans le respect des limites articulaires,<\/li><li>la respiration : lente, calme, profonde et continue, en coordination avec les mouvements,<\/li><li>le mental : concentration, m\u00e9morisation, intention dans les gestes, visualisation, \u00e9coute des sensations dans le corps.<\/li><\/ul>\n\n\n\n<p>Pratiqu\u00e9es dans la lenteur, elles ont pour effet d&rsquo;augmenter le tonus musculaire, d&rsquo;am\u00e9liorer la souplesse, l&rsquo;\u00e9quilibre, la coordination et la concentration. Elles am\u00e9liorent la capacit\u00e9 respiratoire et la gestion des \u00e9motions et du stress. On parle de \u00ab\u00a0m\u00e9ditation en mouvement\u00a0\u00bb, qui procure un apaisement int\u00e9rieur par le \u00ab\u00a0l\u00e2cher prise\u00a0\u00bb.<\/p>\n\n\n\n<h2 class=\"wp-block-heading\">Les cours<\/h2>\n\n\n\n<p>Form\u00e9e par Jian LiuJun au <a rel=\"noreferrer noopener\" href=\"http:\/\/quimetao.fr\/\" target=\"_blank\">Quimetao<\/a> et Yuan HongHai \u00e0 <a rel=\"noreferrer noopener\" href=\"http:\/\/jingwu.asso.fr\/\" target=\"_blank\">Jingwu<\/a>, votre enseignante est dipl\u00f4m\u00e9e et adh\u00e9rente \u00e0 la <a rel=\"noreferrer noopener\" href=\"http:\/\/faemc.fr\" target=\"_blank\">F\u00e9d\u00e9ration des Arts Energ\u00e9tiques et Martiaux Chinois<\/a> (F.A.E.M.C., ex F.F.Wushu). Elle est enregistr\u00e9e en tant qu&rsquo;\u00e9ducateur sportif aupr\u00e8s de la pr\u00e9fecture.<\/p>\n\n\n\n<p><strong>Cours en individuel<\/strong> : au cabinet ou \u00e0 domicile \u00e0 proximit\u00e9 pour les personnes qui ne peuvent pas se d\u00e9placer<\/p>\n\n\n\n<p><strong>Cours en association<\/strong> : Mouvement Harmonie et Vitalit\u00e9 \u00e0 Boulogne-Billancourt, AS Meudon, Comit\u00e9 Meudonnais des Seniors, AS Louveciennes<\/p>\n\n\n\n<p><strong>Cours en institution<\/strong> : R\u00e9sidence M\u00e9dicis \u00e0 S\u00e8vres<\/p>\n\n\n\n<p><strong>S\u00e9minaires d&rsquo;entreprise<\/strong> : CCAS de Meudon<\/p>\n","protected":false},"excerpt":{"rendered":"<p>Le Qi Gong (prononcer \u00ab\u00a0tchi kong\u00a0\u00bb) et le Tai Chi ou Tai Chi Chuan sont des arts martiaux et \u00e9nerg\u00e9tiques chinois qui allient : des mouvements physiques : doux, ronds et fluides dans le respect des limites articulaires, la respiration : lente, calme, profonde et continue, en coordination avec les mouvements, le mental : concentration, &hellip; <\/p>\n<p class=\"link-more\"><a href=\"https:\/\/champenois-laurence-mtc.fr\/index.php\/qi-gong-et-tai-chi-chuan\/\" class=\"more-link\">Continuer la lecture<span class=\"screen-reader-text\"> de &laquo;&nbsp;Qi Gong &#8211; Tai Chi&nbsp;&raquo;<\/span><\/a><\/p>\n","protected":false},"author":1,"featured_media":0,"parent":0,"menu_order":0,"comment_status":"closed","ping_status":"closed","template":"","meta":{"footnotes":""},"class_list":["post-31","page","type-page","status-publish","hentry"],"_links":{"self":[{"href":"https:\/\/champenois-laurence-mtc.fr\/index.php\/wp-json\/wp\/v2\/pages\/31"}],"collection":[{"href":"https:\/\/champenois-laurence-mtc.fr\/index.php\/wp-json\/wp\/v2\/pages"}],"about":[{"href":"https:\/\/champenois-laurence-mtc.fr\/index.php\/wp-json\/wp\/v2\/types\/page"}],"author":[{"embeddable":true,"href":"https:\/\/champenois-laurence-mtc.fr\/index.php\/wp-json\/wp\/v2\/users\/1"}],"replies":[{"embeddable":true,"href":"https:\/\/champenois-laurence-mtc.fr\/index.php\/wp-json\/wp\/v2\/comments?post=31"}],"version-history":[{"count":4,"href":"https:\/\/champenois-laurence-mtc.fr\/index.php\/wp-json\/wp\/v2\/pages\/31\/revisions"}],"predecessor-version":[{"id":442,"href":"https:\/\/champenois-laurence-mtc.fr\/index.php\/wp-json\/wp\/v2\/pages\/31\/revisions\/442"}],"wp:attachment":[{"href":"https:\/\/champenois-laurence-mtc.fr\/index.php\/wp-json\/wp\/v2\/media?parent=31"}],"curies":[{"name":"wp","href":"https:\/\/api.w.org\/{rel}","templated":true}]}}